(4 - -1)) + -4 + 11.
3
16 + -7 - 14 - -2 - 15
-18
Calculate 0 + -3 + 8 - (1 - 8).
12
Evaluate -17 + 26 + -3 + -12 - 5.
-11
What is 24 + (-24 - -15) + (-2 - 2)?
11
Evaluate (-29 - -18) + -14 - (-8 + 6).
-23
Calculate 13 - (7 + (-10 - (-5 - 3))).
8
Calculate -8 + (3 - 2) + 6 + -16 + 6.
-11
Calculate (-1 - (2 + 19)) + -3 + -70 + 68.
-27
What is (24 - -5) + (-1 + (3 - -2) - 11)?
22
Evaluate 4 + (-13 - -7) + (7 - -6).
11
What is 13 + 5 + (7 - 19) + (-22 - -1)?
-15
What is the value of 9 + (-18 + (1 - -14) - 7)?
-1
0 - (-2 - (-8 - (-9 + 6 + -3)))
0
What is the value of 8 + (3 - (-29 + 1 + 14))?
25
What is the value of 8 - (-19 - 7) - (14 + -6) - 7?
19
Evaluate 9 + (-8 - -12 - 10).
3
Calculate (5 - 0) + (252 - 269 - (-10 + 0)).
-2
What is the value of 5 + (3 - 2 - 5 - 0) - -5?
6
(3 - 10) + (-14 - (-9 - -2 - 3))
-11
585 + -571 - ((2 - 2) + 17)
-3
What is the value of (1 - -11) + (-1 - (-12 - -26))?
-3
Calculate -11 + 0 + (15 - (16 - (14 - 17))).
-15
Evaluate (13 + -1 - 13) + (10 - 1) + 2.
10
What is -1 - 1 - (-12 + (7 - 16))?
19
What is 1 + 9 + (8 - 4) - (31 + -27)?
10
4 + 16 + -3 + -10
7
0 + -1 - (4 + -19 + 23)
-9
-15 + -2 + (20 - 8) - -25
20
Evaluate (-52 - -47) + (0 - (1 - 3)).
-3
What is the value of 38 - 43 - (2 + -1 - 5 - 0)?
-1
What is 43 + (18 - 65) + -18?
-22
What is (1 - (-4 + -13 + 9)) + -4 - 0?
5
-7 - -9 - -2 - 5 - (-14 - -1)
12
What is the value of 11 + -58 + 12 + 15?
-20
Calculate -9 + (2 - -1 - -6) + -19.
-19
What is the value of (31 + -2 - 3) + (92 - 95) - 6?
17
0 - 3 - (-3 - -7) - -10
3
What is 34 + -7 + -10 - 14?
3
What is 2 - (-10 + 3 + 28)?
-19
(6 + 9 - 12) + -14
-11
Evaluate -6 - (-2 - 2) - -1.
-1
Evaluate -7 + 0 - (-14 + (3 - -14) + -3).
-7
What is the value of 1 + -20 - (530 + -546)?
-3
Calculate 36 - ((16 - -10 - 13) + -2).
25
Calculate 10 - (-6 - -38 - 14).
-8
Evaluate 5 + 6 + -3 + -11.
-3
What is the value of -31 + (3 - -3 - -10)?
-15
Calculate -5 + (-2 - 1 - (-14 - (16 + -31))).
-9
Calculate 19 - (0 + 30 + -9).
-2
Calculate -2 - (-3 + (-15 - -19)).
-3
Evaluate (-3 - 0 - 0 - (-46 - -32)) + 0.
11
Evaluate -9 + (2 - -8) + -9 + -8.
-16
Evaluate 4 + 0 + -4 - (-22 - -32).
-10
What is 24 - (-34 + 17 - -66)?
-25
Evaluate -7 + (25 + -41 - -13).
-10
What is the value of -1 + (4 + 3 - 16)?
-10
Evaluate 27 - (-24 + 32 + 24) - (0 + -31).
26
What is 3 + -1 + -14 + 9 + 4 + 3?
4
-8 + 28 + -12 + -1 + (1 - -7)
15
What is the value of -33 - ((25 - 16) + -4 + -9)?
-29
What is 15 - (2 + (4 - -5))?
4
What is (-8 - (11 + 3 + -17 + 8)) + 3?
-10
What is -2 + -1 + 6 + -11 + (7 - -10)?
9
Evaluate (-1 - 9) + 36 + 14 + -55.
-15
88 - 82 - (8 + -1)
-1
What is the value of 1 + (0 - -2) - 15?
-12
What is the value of 14 - 0 - (188 - 168)?
-6
What is the value of -30 - (-29 + 12) - -9?
-4
What is (3 - 0) + (-30 - -24)?
-3
Calculate (39 + -35 - (5 - 0)) + 9 + -2.
6
-12 + (-9 - -14) + 2 - -10
5
Calculate 22 + (-5 - -25) - 55.
-13
What is -12 - 1 - (0 + 11) - -4?
-20
Evaluate 2 + -10 + (-10 - (7 - 18)).
-7
Evaluate 15 + -22 + 16 - 11.
-2
Calculate (16 - (-6 + 18)) + -13 + 0 + -6.
-15
What is the value of 32 + -45 + 43 - 7?
23
What is 2 - -9 - (13 - -29 - 54)?
23
Calculate 6 + (-16 - -26 - 2).
14
What is the value of 14 + -12 + (-4 - 5)?
-7
Calculate 13 + -23 + -3 + 18.
5
What is the value of ((-13 - -17) + -1 - 11) + -9?
-17
What is -1 + -28 - (-123 - -87)?
7
-15 + 9 + (-1 - 5) - 10
-22
Calculate 9 - (1 + 1) - (-16 - -9).
14
Calculate -4 - (6 - ((-11 - 1) + 14)).
-8
What is -15 + 5 + 6 + 12?
8
Evaluate (-4 - -4) + -6 + -19 + 66 + -31.
10
2 + 2 + -6 + (4 - 0) + 8
10
5 + -1 + 1 + -27 + 27 - 9
-4
What is 6 + 0 + (102 - 114)?
-6
What is the value of -6 + (-3 - -3 - -2)?
-4
Calculate 1 - (27 - (54 - 30) - (0 + -14)).
-16
What is the value of ((-12 - -6) + -5 - -3) + -3?
-11
-8 + (10 - (-11 + 5 - 0)) + -37
-29
(-18 + 3 - 41) + 19 - 4
-41
Calculate -39 + (-1 - (3 + -19)) + (86 - 96).
-34
What is (-10 - -12 - 7) + 15?
10
-2 + (7 - 8 - -1)
-2
Evaluate 14 + -1 + -5 - (5 + 2).
1
Evaluate -2 + 0 + (12 + 0 - 4) + -6.
0
-13 + 7 - (1 + 3 + 4 - -6)
-20
What is the value of 11 + 0 + -2 + -21?
-12
What is the value of (-5 + -12 - (-20 - -3)) + -1 + 0?
-1
What is the value of (16 - 2) + 10 + 25 + -26?
23
What is the value of -18 + 29 + 0 - 20 - (-1 - 17)?
9
What is the value of (13 - (-9 - -22)) + (-4 - -5 - -20)?
21
Evaluate -35 - (-16 + 22 + -13).
-28
59 - (0 + 25) - 48
-14
-34 + 26 - (0 + -1 - (5 - 4))
-6
Evaluate (-10 - (-3 + -3)) + -6 + (1 - -17).
8
Evaluate -15 + 6 - (3 + 5) - -4.
-13
(15 + 14 - 16) + -28 - 6
-21
Evaluate 8 + -1 + (6 + -18 - -5) - -2.
2
What is the value of -9 + (-3 + 11 + -16 - -17)?
0
What is -43 + -6 + 126 + -41?
36
What is the value of (4 - -32) + -31 + (-12 - -1)?
-6
Evaluate (17 - (14 + -11)) + 4 + -17.
1
What is -1 + (18 - (5 + 2)) + -17?
-7
(4 - 14) + (-22 - -44)
12
What is the value of (-5 - -1) + (-1 - (-1 + -1 + 11))?
-14
7 - (6 - -1) - (1 + 0 - 4)
3
What is the value of -1 + 11 - ((-118 - -53) + 71)?
4
What is the value of -24 - (35 + -29 + -53)?
23
What is (0 - 6 - -14) + (-27 + 3 - -1)?
-15
What is -10 - (11 - -6 - 3)?
-24
Evaluate (5 + -3 - (-6 + 1 + 2)) + 6.
11
-17 + (10 - (-9 - -12)) - (4 - 5)
-9
Evaluate -5 - -3 - (-2 - (-52 - -37)).
-15
(1 - 0 - (8 - 7 - -5)) + 3
-2
Evaluate (7 + -4 - 1) + -2 + -15.
-15
-11 - (-18 + (-1 - -11))
-3
What is the value of 21 + 2 + -20 + -6 + 0 - -10?
7
What is the value of (-4 - 1 - (-1 + 1)) + (-497 - -504)?
2
Calculate -189 + 191 + (1 + 1 - 5).
-1
Calculate 15 + 0 + -8 + -18 - -11.
0
What is the value of (12 - 4) + 1 + 2?
11
What is the value of (-3 - -1) + (4 - (-5 - (-6 + 5)))?
6
What is ((4 - 0 - 9) + 17 - 9) + 27?
30
1 + 15 - (38 + 15 + -11)
-26
Calculate -14 + (5 - 4) + (-3 - (-9 - -5)).
-12
What is the value of (-1 - 3) + -8 + 10 + 9?
7
2 + -17 + (154 - 160)
-21
What is the value of 22 + -13 + 6 + -13?
2
Evaluate (3 - 0) + 2 + (-20 - (16 + -31)).
0
Evaluate 1 + 0 + 8 + -411 + 403.
1
Calculate 11 + ((-2 - -7) + -3 - 2).
11
Calculate -34 - (-91 + 8 - -29).
20
What is the value of -11 + (-10 - -20) - (3 + 3)?
-7
What is the value of -2 + (16 - (9 + 15))?
-10
What is 1 + -1 - (-14 + 34 + -15 + -27)?
22
16 + (1 - 15) - -7
9
Calculate -206 - -199 - (-9 - 1).
3
Evaluate (3 - 1) + (-1 - 43) + (-2230 - -2240).
-32
Calculate (7 + -4 + 6 - 14) + -9.
-14
Calculate 9 - 5 - ((26 + -5 - -4) + -4).
-17
What is 12 + (1 - -1) + -30?
-16
-8 - (-35 - -15 - -15)
-3
What is the value of -10 - (-3 - -10 - (-10 + 8 + 7))?
-12
Evaluate (-1 - 0) + 6 + 11 + -6.
10
Calculate -7 + (4 - 2 - 6) - (253 - 250).
-14
58 - 1 - (-1047 - -1082)
22
Calculate (-2 - -10) + (-10 - -17).
15
What is the value of 23 - (34 - 7) - (5 + -2)?
-7
What is (-2 + -3 - (18 - 19)) + -2?
-6
Evaluate (86 - 76) + -2 + -23 - (0 + -4).
-11
Evaluate 62 + -66 - (6 + (-30 - -1)).
19
Evaluate -6 + -5 + 7 + -17.
-21
Evaluate -7 + (-20 - -23) - (1 + -16 + -2).
13
What is -15 + 13 - ((-3 - -7) + -10)?
4
What is -20 + 0 + -3 + 11 + -21 + 13?
-20
What is -2 - (41 + -24 + -25)?
6
What is the value of (20 - -1) + 0 + 5 + 116 + -119?
23
-23 + (5 - 2) + 17 + -26 + 13
-16
What is the value of 6 - (2 + 9 + 9 + -8)?
-6
Calculate (36 - 16) + -25 + -2 + 4 + 5.
2
Calculate 9 + -9 - 1 - (-15 + 2 + 1).
11
What is the value of 3 + 1 + -16 + (21 - 11)?
-2
What is the value of -22 - (5 - 5) - (-17 + 5 + 10)?
-20
(4 - 5) + -2 - (35 - (-28 + 58))
-8
Calculate (-41 - 0) + (64 - 56) - -6.
-27
Calculate 0 + -13 + -5 + 31.
13
Calculate 15 - 10 - (-3 - 0 - -7) - -6.
7
Calculate 1 + 14 - (22 - (5 + 10 + 17)).
25
Evaluate 11 + (-1 - (6 - -3 - 3)).
4
Calculate -22 + (13 - (-19 + 38)).
-28
What is -33 + (22 - (-27 + 24))?
-8
What is the value of (13 + -3 - -2) + 38 + -43?
7
What is the value of 28 - 26 - ((5 - (5 + -5)) + 0)?
-3
What is -3 + -7 + 8 + (8 - (5 + -5))?
6
What is the value of -21 + 56 + (43 - 71)?
7
Calculate 5 - (29 + -1 + -46).
23
Evaluate (-16 - (-7 - 1)) + 27 - (-2 + 8).
13
Evaluate 5 + -2 + (3 - 9 - -10).
7
What is 16 + ((-6 - -7) + -17 - -11)?
11
Evaluate (-27 - -3) + 16 + 15 - -23.
30
-9 + (6 - 35) + 18
-20
What is 11 + (-25 - 0 - -40)?
26
Evaluate -11 - ((-40 - -45) + (0 - 11) - 1).
-4
Calculate 97 + -10 + -17 + -46.
24
What is the value of 9 + 2 + 83 + -90 + -25 + -3?
-24
What is the value of -93 - -93 - (1 + 5 + 0)?
-6
10 + -11 + -6 + 1 - (0 - -25)
-31
What is (-67 +